 tens digit of 646571?
7
What is the thousands digit of 842739?
2
What is the tens digit of 1623212?
1
What is the units digit of 525127?
7
What is the hundreds digit of 2377396?
3
What is the hundred thousands digit of 1395886?
3
What is the thousands digit of 28573809?
3
What is the thousands digit of 170661?
0
What is the ten thousands digit of 1452877?
5
What is the units digit of 1432330?
0
What is the millions digit of 1079545?
1
What is the hundreds digit of 1906880?
8
What is the hundred thousands digit of 2139918?
1
What is the tens digit of 284446?
4
What is the hundred thousands digit of 3580868?
5
What is the tens digit of 104842?
4
What is the thousands digit of 722853?
2
What is the hundreds digit of 116425?
4
What is the hundreds digit of 4271190?
1
What is the units digit of 5393855?
5
What is the ten thousands digit of 17392611?
9
What is the units digit of 169684?
4
What is the ten thousands digit of 4610313?
1
What is the units digit of 358536?
6
What is the ten thousands digit of 819799?
1
What is the hundred thousands digit of 172033?
1
What is the hundreds digit of 10663785?
7
What is the thousands digit of 43436?
3
What is the hundred thousands digit of 5447196?
4
What is the units digit of 29817869?
9
What is the tens digit of 254723?
2
What is the thousands digit of 1455331?
5
What is the thousands digit of 190398?
0
What is the hundred thousands digit of 10775200?
7
What is the hundreds digit of 535241?
2
What is the ten thousands digit of 567705?
6
What is the tens digit of 4026462?
6
What is the units digit of 799623?
3
What is the ten thousands digit of 859181?
5
What is the thousands digit of 3647742?
7
What is the units digit of 7058419?
9
What is the tens digit of 1049306?
0
What is the thousands digit of 541454?
1
What is the units digit of 399229?
9
What is the thousands digit of 19428?
9
What is the thousands digit of 1134877?
4
What is the hundreds digit of 181954?
9
What is the units digit of 91921?
1
What is the units digit of 635192?
2
What is the hundreds digit of 220174?
1
What is the thousands digit of 334032?
4
What is the millions digit of 9725545?
9
What is the millions digit of 1159877?
1
What is the ten thousands digit of 223565?
2
What is the hundreds digit of 16835766?
7
What is the hundred thousands digit of 446775?
4
What is the units digit of 271955?
5
What is the hundred thousands digit of 744851?
7
What is the hundreds digit of 32056531?
5
What is the hundreds digit of 24991876?
8
What is the units digit of 388502?
2
What is the ten thousands digit of 26315?
2
What is the hundreds digit of 7430?
4
What is the hundreds digit of 2073602?
6
What is the tens digit of 12150557?
5
What is the ten thousands digit of 5990233?
9
What is the hundred thousands digit of 1469360?
4
What is the hundreds digit of 32677?
6
What is the tens digit of 50397?
9
What is the thousands digit of 709706?
9
What is the hundred thousands digit of 3972409?
9
What is the ten thousands digit of 17708?
1
What is the hundred thousands digit of 6432468?
4
What is the thousands digit of 701533?
1
What is the units digit of 5988185?
5
What is the ten thousands digit of 8041563?
4
What is the hundred thousands digit of 4112591?
1
What is the thousands digit of 152699?
2
What is the millions digit of 2478224?
2
What is the hundred thousands digit of 147487?
1
What is the thousands digit of 3280100?
0
What is the tens digit of 32769056?
5
What is the millions digit of 1536536?
1
What is the ten thousands digit of 16353621?
5
What is the hundred thousands digit of 1344475?
3
What is the hundreds digit of 13929174?
1
What is the thousands digit of 2546259?
6
What is the ten thousands digit of 2014135?
1
What is the hundreds digit of 46877?
8
What is the hundreds digit of 35539?
5
What is the units digit of 64132?
2
What is the hundreds digit of 55203?
2
What is the hundred thousands digit of 1383522?
3
What is the units digit of 221339?
9
What is the tens digit of 937423?
2
What is the hundreds digit of 852419?
4
What is the ten thousands digit of 58820?
5
What is the hundreds digit of 2141253?
2
What is the ten thousands digit of 292260?
9
What is the thousands digit of 5039375?
9
What is the thousands digit of 672873?
2
What is the thousands digit of 241646?
1
What is the thousands digit of 87363?
7
What is the units digit of 8248575?
5
What is the units digit of 25614?
4
What is the tens digit of 425789?
8
What is the tens digit of 380649?
4
What is the units digit of 197581?
1
What is the thousands digit of 105795?
5
What is the hundreds digit of 329356?
3
What is the thousands digit of 32476062?
6
What is the hundreds digit of 3550046?
0
What is the hundred thousands digit of 6908949?
9
What is the ten millions digit of 14103392?
1
What is the units digit of 930771?
1
What is the ten thousands digit of 996994?
9
What is the tens digit of 237480?
8
What is the hundreds digit of 4811561?
5
What is the thousands digit of 703722?
3
What is the ten thousands digit of 10295204?
9
What is the tens digit of 58630?
3
What is the thousands digit of 4603605?
3
What is the tens digit of 31213428?
2
What is the tens digit of 5566209?
0
What is the tens digit of 27044303?
0
What is the units digit of 1529034?
4
What is the thousands digit of 1239108?
9
What is the millions digit of 13749170?
3
What is the hundreds digit of 764181?
1
What is the hundred thousands digit of 104455?
1
What is the units digit of 286256?
6
What is the thousands digit of 1557412?
7
What is the ten thousands digit of 148279?
4
What is the ten thousands digit of 5457181?
5
What is the ten thousands digit of 1401993?
0
What is the units digit of 68414?
4
What is the hundreds digit of 144049?
0
What is the thousands digit of 4301777?
1
What is the hundred thousands digit of 1687225?
6
What is the ten thousands digit of 22369042?
6
What is the hundreds digit of 89494?
4
What is the ten thousands digit of 326086?
2
What is the millions digit of 1007346?
1
What is the thousands digit of 3030787?
0
What is the ten thousands digit of 37742?
3
What is the thousands digit of 16585?
6
What is the ten thousands digit of 8480126?
8
What is the tens digit of 19978167?
6
What is the hundreds digit of 155956?
9
What is the ten thousands digit of 2399399?
9
What is the hundreds digit of 513061?
0
What is the tens digit of 1341850?
5
What is the units digit of 3359065?
5
What is the tens digit of 412736?
3
What is the units digit of 252306?
6
What is the hundreds digit of 60778?
7
What is the hundred thousands digit of 2831243?
8
What is the thousands digit of 2377856?
7
What is the millions digit of 7659110?
7
What is the hundreds digit of 14431385?
3
What is the hundreds digit of 503773?
7
What is the hundreds digit of 99878?
8
What is the hundred thousands digit of 3368116?
3
What is the hundreds digit of 8280703?
7
What is the units digit of 674981?
1
What is the tens digit of 6609644?
4
What is the hundred thousands digit of 16303119?
3
What is the ten thousands digit of 7625232?
2
What is the thousands digit of 370333?
0
What is the tens digit of 4080349?
4
What is the ten thousands digit of 1219651?
1
What is the hundreds digit of 209768?
7
What is the hundreds digit of 113583?
5
What is the units digit of 209817?
7
What is the tens digit of 78119?
1
What is the hundreds digit of 5838100?
1
What is the units digit of 556205?
5
What is the millions digit of 4391897?
4
What is the hundreds digit of 33617?
6
What is the hundreds digit of 77247?
2
What is the ten thousands digit of 21206?
2
What is the hundreds digit of 19756498?
4
What is the tens digit of 437356?
5
What is the units digit of 240439?
9
What is the units digit of 729966?
6
What is the ten millions digit of 20206308?
2
What is the ten thousands digit of 20469639?
6
What is the hundred thousands digit of 172034?
1
What is the units digit of 176762?
2
What is the thousands digit of 1052736?
2
What is the tens digit of 151364?
6
What is the hundred thousands digit of 847071?
8
What is the units digit of 6134155?
5
What is the units digit of 9033324?
4
What is the units digit of 209079?
9
What is the hundred thousands digit of 509924?
5
What is the hundred thousands digit of 195114?
1
What is the millions digit